*v - 3*f. Let l = 6 - v. Calculate n(l).
3
Suppose 2*x - 3 = 3*x. Let q(k) be the third derivative of k**6/120 + k**5/30 - k**4/12 + k**3/6 + 11*k**2. What is q(x)?
-2
Let h(d) = 0 + 4 - 7 - 2*d + 9. Give h(4).
-2
Let s(z) = z**2 - 4*z - 1. Let y(f) be the third derivative of 5/24*f**4 + 1/120*f**6 - 3*f**2 + 1/3*f**3 + 0*f + 1/12*f**5 + 0. Let t be y(-3). What is s(t)?
4
Let v = -26 - -30. Let r(n) = -n**3 + 5*n**2 - 5*n. Give r(v).
-4
Let u be 19*(0 + -3 - -4). Let l = -18 + u. Let g(n) = -62*n**3 - 26*n**2 + 26*n. Let p(t) = -7*t**3 - 3*t**2 + 3*t. Let w(a) = -6*g(a) + 52*p(a). Give w(l).
8
Let m(s) = -4*s - 1. Let i(f) = f. Let h(o) = 3*i(o) + m(o). Let u = 2 + -1. Calculate h(u).
-2
Let c(b) = 2*b. Let a be c(-2). Let n(r) = r - 5. Let u be n(5). Let h(g) = -6 + u - 3*g**2 - 6*g + 2*g**2. Determine h(a).
2
Let z(v) = -3*v - 12. Let x be z(-5). Let l(w) = -6*w + 4. Let u(d) = -d + 1. Let k(t) = l(t) - 5*u(t). Calculate k(x).
-4
Let y = 1 + 1. Let x be y - ((-6)/(-2) - 2). Let i(j) be the third derivative of -j**5/12 + j**4/24 - j**3/6 - 5*j**2. Give i(x).
-5
Let o(t) be the first derivative of 3*t**4/4 - t**3/3 + 1. Suppose -k + 6 + 0 = 2*d, 0 = 5*d - 4*k - 28. Let b be (-77)/63 + d/18. Calculate o(b).
-4
Let z(p) = -p**2 - 6*p + 4. Suppose l + w + 3*w - 8 = 0, -2*l = 2*w + 2. Calculate z(l).
12
Let m(p) = 8*p + 1. Let z = -13 - -12. Give m(z).
-7
Let g(v) = v. Let q(m) = -2*m**2 + 2*m - 2 + m**2 - 2*m. Let i(a) = 6*g(a) - q(a). Suppose -3*d + 2*y - 11 = 0, 2*y - 1 = d - 0*y. Give i(d).
-3
Suppose -2 = 2*i - d + 1, 2*d + 30 = -5*i. Let x(g) = -g**2 - 5*g - 1. Calculate x(i).
3
Let u = -10 + 15. Suppose -4*c = -3*y, u*y = 2*c - 1 + 15. Let t(q) = q**2 - 3*q - 3. Let z be t(c). Let o(r) = 2*r + 4. Determine o(z).
-2
Let w(q) = -3*q**3 + q - 4*q**2 + 0*q + 1 - 3 + 4*q**3. Determine w(4).
2
Suppose 3*p + 2*i = -6 + 2, -2*p + 5*i = 9. Let j(o) = -3*o**2 - 2*o + 2. Give j(p).
-6
Let y(h) be the second derivative of h**5/20 + 3*h**4/4 - 3*h**3/2 + 13*h**2/2 - 29*h. Calculate y(-10).
3
Let l be 15/10 - (-1)/2. Let g(m) = l*m - 3*m + 13 - 7. What is g(4)?
2
Let l(t) = 4*t**2 + t - 1. Let f be l(1). Suppose 2*o = -f, 3*s = -s + o + 14. Suppose 0 = 2*h - s - 5. Let w(m) = -m**3 + 3*m**2 + 3*m + 1. Determine w(h).
-3
Let b(v) = -4*v**3 - 4*v**2 + 2*v - 9. Let j(a) = -5*a**3 - 5*a**2 + 3*a - 8. Let o(p) = -4*b(p) + 3*j(p). Let g(x) = 6*x - 30. Let m be g(5). Calculate o(m).
12
Let a(l) = -l**3 + 4*l + 3. Let f(t) = -t**3 + 6*t**2 - 6*t + 2. Let g be f(4). Suppose g + 0 = -5*p. Determine a(p).
3
Let m(q) = q**3 + q - 5. Let u = -25 + 25. Give m(u).
-5
Let q(n) = 5*n**3 + 13*n**2 - 13*n + 6. Let y(i) = 4*i**3 + 12*i**2 - 12*i + 5. Let t(b) = 5*q(b) - 6*y(b). Let g be t(6). Let a(m) = m. Determine a(g).
6
Let b(t) = 2*t - 7. Let v(a) = a. Let r(x) = b(x) - 3*v(x). Suppose -g - 4*k - 20 = 0, g - 20 = -3*g + 4*k. Determine r(g).
-7
Let m(s) be the first derivative of -s**4/12 - 2*s**3/3 + 5*s**2/2 + 4*s + 1. Let l(i) be the first derivative of m(i). Determine l(-4).
5
Let o(d) = -6*d**3 + d**2 + 2*d - 14. Let r(b) = -b**3 - b**2 - 1. Let f(x) = o(x) - 5*r(x). What is f(6)?
3
Let h(d) = -17*d**2 + 6 - 5*d + 16*d**2 + 1. Determine h(-5).
7
Let l(s) = -s**3 + 2*s**2 - 3*s + 3. Let h(d) be the first derivative of -d**2/2 - 5*d + 3. Let i be h(-7). What is l(i)?
-3
Let d(j) = -2*j + 2. Let g be ((-16)/20)/((-2)/10). Let k be g + -1 - -2 - -1. What is d(k)?
-10
Let a = -101 + 405/4. Let v(q) be the first derivative of a*q**4 + 4/3*q**3 + 4 - 7/2*q**2 - 6*q. Determine v(-5).
4
Let m(g) = -8*g**2 + 9*g + 2. Let y(u) = -9*u**2 + 10*u + 2. Let p(a) = -7*m(a) + 6*y(a). Suppose 2*f = 4*f - 6. Calculate p(f).
7
Let s(c) be the second derivative of -c**6/360 + c**5/15 - c**4/4 + 2*c**3/3 + 5*c. Let n(t) be the second derivative of s(t). Calculate n(4).
10
Let x = 2 + 4. Suppose -x = k - 7. Suppose -2*l + k = 2*j - 3, -l + 3*j = -18. Let w(b) = b - 5. Give w(l).
1
Let w(p) = 0 + 2 - p + 5. Let q be w(4). Let g(d) = 9*d + 4*d - 14*d + 3. Determine g(q).
0
Let v(d) = d - 6. Let i(t) = -5. Let c(j) = 5*i(j) - 4*v(j). Suppose -2*k = -0*k - 10. Suppose 1 = -x + 4*p + 6, -4*x + k*p = -9. Calculate c(x).
-5
Let k(p) = p**3 + 19*p**2 - 2*p - 33. Let d be k(-19). Let u(y) be the third derivative of -y**4/12 + 7*y**3/6 - y**2. What is u(d)?
-3
Let z(c) = -c + 5. Suppose -5*y + k = -13, 3*y - 5*k + k = 1. Let m be (-5)/(-1) + y + -4. Suppose -q - 15 = -5*b, -q + m*b = -2*q + 12. Give z(q).
5
Let r be 0/(0 - (0 + 2)). Let q(f) = 8*f**2 - 2*f**2 - 7*f**2 - f + 1. Give q(r).
1
Let b(x) = -x - 2. Let p(d) = -2*d - 3. Let w = 17 + -14. Let v(t) = w*b(t) - 2*p(t). What is v(-6)?
-6
Let q(v) = -3*v**2 - 6*v. Let r(h) = 4*h**2 + 7*h. Let j(d) = 5*q(d) + 4*r(d). Determine j(2).
0
Let t be 1*-3 + 1 - 1. Let u(p) be the first derivative of -p**5/60 + p**4/6 + 2*p**3/3 - 3. Let s(l) be the third derivative of u(l). Give s(t).
10
Let q(n) = -2 - n - 3*n + 5*n + 4. Calculate q(-1).
1
Suppose 0 = -4*o + 2*o + 28. Let d(x) = -16*x - o*x + 27*x. What is d(-3)?
9
Suppose -l = -0*l. Let y(s) = -s - 3 + l + 0. Give y(-4).
1
Let l(p) = 7*p**2 - 6*p + 11. Let f(v) = -v**2 + v. Let n(g) = 6*f(g) + l(g). Let z = -1 + 1. Determine n(z).
11
Let o(a) = -4 - a**2 + 5*a - 7 + 10*a**2 + a**3. Determine o(-8).
13
Let l = 49/2 - 24. Let t(p) be the second derivative of -l*p**2 + 3/10*p**5 - 1/3*p**3 + 0 + 0*p**4 + 2*p. Calculate t(-1).
-5
Let n(r) be the second derivative of r**4/12 + r**3/6 - 7*r**2/2 - 5*r. Calculate n(0).
-7
Let g(p) = 64*p + 2. Let y(t) = -31*t - 1. Let v(d) = -2*g(d) - 5*y(d). Calculate v(-1).
-26
Let o(x) = -13 - 4*x**3 + 37*x + 3*x**3 - 36*x. Give o(0).
-13
Let x(q) = -7*q**3. Let j be x(1). Let y = j - -13. Let g(u) = 2*u - y + 6. Give g(-3).
-6
Let y(h) be the third derivative of -1/8*h**4 + 1/6*h**3 + 0*h + h**2 + 0. Determine y(-2).
7
Let y(j) be the first derivative of -1/2*j**2 + 4/3*j**3 + 0*j - 3. Suppose -5*b + 5 = -0*b. What is y(b)?
3
Let v(u) = -3*u**2 - 15*u + 3. Let s(l) = -l**2 - 7*l + 1. Let h(y) = 5*s(y) - 2*v(y). What is h(4)?
-5
Let b(c) = -5*c + 2. Let a = -7 + 9. Suppose -a*y + 4 - 12 = 0. Let g be (-2)/4*y*1. Determine b(g).
-8
Suppose 0*n - 12 = 3*n. Let s(r) = r**2 - 10*r - 1. Let l(v) = 3*v**2 - 29*v - 2. Let x(p) = n*l(p) + 11*s(p). What is x(5)?
2
Let a(x) be the second derivative of x**4/3 - x**2/2 - x. Let r = -5 + 6. What is a(r)?
3
Let m(i) be the second derivative of -i**5/20 - i**4/12 + i**3/6 - i**2 - i. Let l(k) = k**3 + k**2 + k - 2. Let q be l(0). Give m(q).
0
Let o = -5 + 12. Suppose o*c - 2*c - 35 = 0. Let l(k) = 2 - 3 + c*k**2 - k**2 - k. What is l(-1)?
6
Let j(s) = s**2. Let b be j(0). Let i(o) = o**2 + o - 1. Calculate i(b).
-1
Let n(i) be the third derivative of i**4/24 - i**3 - 4*i**2. Let f be n(4). Let s(t) = 6*t + 1. What is s(f)?
-11
Let u(b) = 2 + 0 - 1 - b - 5. What is u(-5)?
1
Let s(g) = -2*g + 1. Suppose 0 = -4*h + 9 - 1. Let i be s(h). Let t(o) = -2*o. What is t(i)?
6
Let r(f) = -f - 8. Suppose b + 0 = z + 2, 0 = -5*b - 2*z - 4. What is r(b)?
-8
Let y(l) be the second derivative of l**4/12 - 7*l**3/6 - l**2/2 + 17*l. What is y(6)?
-7
Let u(f) = -f**3 + 3*f**2 - 3*f. Let y(q) = 4*q**3 - 9*q**2 + 10*q. Let l(a) = -7*u(a) - 2*y(a). Calculate l(-4).
12
Let t be 6/5*15/6. Let u = t + 1. Let j(x) = x**2 - x + 1. What is j(u)?
13
Let n(g) = 21*g + 26. Let k(v) = -4*v - 5. Let y(m) = -11*k(m) - 2*n(m). Calculate y(5).
13
Let w(m) = -10*m + 12. Let j(l) = -9*l + 11. Let f(u) = 7*j(u) - 6*w(u). Let g(a) = a**3 - 7*a**2 + 11*a - 1. Let x be g(5). What is f(x)?
-7
Let o(b) = 3*b + 7*b + 2*b - 6*b. What is o(-1)?
-6
Let r be (-8)/6*(2 - -1). Let t(z) = -z. Let i(u) = 2*u - 1. Let j(l) = 4*i(l) + 9*t(l). Determine j(r).
0
Let b(y) = -3*y**3 - 4*y**2 - 5*y. Let l(t) = 8*t**2 + 10*t + 0 + 2 - 3 + 5*t**3. Let g(o) = 7*b(o) + 4*l(o). Let z = 9 - 4. What is g(z)?
-4
Let z = 16 - 19. Let b = -1 + 3. Let m(u) = 3*u - u + 4 + u**b + 0. What is m(z)?
7
Let d(v) = -3*v**2. Let y be d(1). Let i(x) = 8*x - 1. Let w(l) = -7*l. Let n(u) = y*i(u) - 4*w(u). Suppose 6*f - 3*f + 6 = 0. Calculate n(f).
-5
Let m(r) = -2*r + 1. Suppose 0 = 5*d + 4*u + 11, -2*d + 5*u = -0*u + 11. Let b be ((-9)/(-1))/d*-1. Suppose -b*g - 4 = 8. What is m(g)?
9
Let p = 9 - 4. Suppose 5*